 v(u) = 6*u + 39. Let x be v(7). What is the highest common factor of x and 9?
9
Let f = -5 - -30. What is the highest common divisor of 25 and f?
25
Let n be (-2)/((10/6)/(-5)). Let g be (-18)/(2/(-4) + 0). Suppose 0*z + 3*z - g = 0. Calculate the greatest common divisor of n and z.
6
Let b = -14 + 31. What is the highest common divisor of b and 17?
17
Let r(b) = 3*b - 35. Let d be r(21). What is the greatest common factor of 196 and d?
28
Let i(f) = f**3 - 3*f**2 - 4*f - 5. Let j be i(4). Let d be (-2 + (-134)/j)*5. Suppose 3*u + d = 319. Calculate the greatest common divisor of u and 26.
13
Let k = 5 - 3. Let x be (-6)/(-15) + 56/10. Suppose 4*y + 4 = -4*a, 2*y + x = -a + 2. Calculate the highest common divisor of a and k.
2
Let k(d) = -4*d + 6. Let f be k(1). What is the highest common divisor of f and 18?
2
Suppose -x + 3*x = 4*n + 44, 0 = -3*n - 4*x - 55. Let w = n + 19. Let r(o) = 6*o - 6. Let l be r(4). What is the greatest common factor of l and w?
6
Let q(u) be the first derivative of u**4/4 - 4*u**3/3 - u**2 - 4*u - 2. Let h be q(5). Let s = -2 + 46. Calculate the highest common factor of s and h.
11
Suppose a = 2*x - 72, 44 - 11 = x + a. Let m = -3 + 17. Calculate the highest common factor of m and x.
7
Suppose 0 = 4*x + 20, 5*s + 3*x - 79 - 206 = 0. What is the greatest common divisor of s and 20?
20
Suppose 1 - 95 = -4*z + b, 86 = 4*z - 5*b. What is the highest common divisor of z and 72?
24
Let y be 1 - 0 - (-5 + -1). Suppose -2*n + y*n = 55. Calculate the highest common factor of 55 and n.
11
Suppose 2*r + 16 = -s, -5*s + 5*r - 62 - 3 = 0. Let p = -11 - s. Let v be 2/(-4) + (-122)/(-4). What is the highest common factor of v and p?
3
Suppose 0 = 4*i - 0*i - 2100. Let a be (-2)/(-8) + i/12. Suppose 16 = 5*c - a. What is the highest common factor of 30 and c?
6
Let m(f) be the third derivative of f**5/20 + f**4/6 + f**3/6 + 3*f**2. Let r be m(3). Let a = r - 5. Calculate the greatest common factor of 7 and a.
7
Let q(u) = -u**2 + 10*u - 7. Let j(i) = -i**2 + 21*i - 13. Let r(x) = 3*j(x) - 5*q(x). Let l be r(-12). What is the highest common factor of l and 16?
16
Let r be 0 + 12/4 - 6*-5. What is the greatest common divisor of 363 and r?
33
Suppose 0*g - 15 = -5*v + 3*g, 0 = 4*v + g + 5. Suppose -3*y - 4*o + 103 = v, -5*y - o = -82 - 84. What is the greatest common factor of y and 3?
3
Let m be (-14 - -5)/((-2)/4). What is the highest common factor of m and 27?
9
Suppose 3*q = 4*q. Let k = -28 + 31. Let u = q + k. What is the greatest common factor of u and 12?
3
Let r(q) = 11*q**2 + 14*q - 4. Let y be r(-6). What is the highest common divisor of y and 28?
28
Let d(h) be the second derivative of -h**4/12 + 3*h**3/2 - h**2 - 3*h. Let n be d(6). What is the greatest common divisor of 2 and n?
2
Let t(m) = -6*m. Let x be 1 + -1 - (-3 - -15). Let g = x + 2. Let s be t(g). Calculate the greatest common divisor of s and 12.
12
Suppose o + 4*o - 4*n - 276 = 0, 0 = -4*o - 4*n + 192. Let j = -4 + 6. Suppose -j*h = -5*h + 39. Calculate the greatest common factor of h and o.
13
Let j(z) = -12*z + 3. Let h be j(-9). Suppose 3*s = 81 + h. Calculate the highest common factor of 16 and s.
16
Suppose -2*p + 6 = -p. Let y be (-2)/4 - 679/(-14). Calculate the greatest common factor of y and p.
6
Let z(a) = 25*a - 6. Let v be z(5). Calculate the highest common divisor of v and 17.
17
Let f = -14 - -20. Let y = -29 - -41. Calculate the greatest common factor of f and y.
6
Let y = -1 + 2. Let h(m) = 9*m**2 - 2*m + 1. Let o be h(y). Let q = -5 + 13. Calculate the highest common divisor of o and q.
8
Let i = 23 - 52. Let m = -17 - i. Calculate the greatest common factor of m and 18.
6
Let m be (-2 - 0) + (-4 - -36). Calculate the greatest common divisor of m and 5.
5
Suppose -1 + 5 = a. Suppose -58 = -a*p + 2*m, -2*p = -0*m + 2*m - 38. Calculate the highest common factor of p and 16.
16
Let f be 2/(-3)*(1 + -133). Let z = -12 - -23. What is the highest common factor of z and f?
11
Suppose 0*m - m = -167. Suppose 4*z - m = 5*t, -4*t + 5*t = z - 43. What is the highest common factor of 32 and z?
16
Let m = 45 - 21. Calculate the highest common divisor of m and 72.
24
Let w(t) = t**3 + 7*t**2 - 12*t - 10. Let y(c) = 8*c. Let x be y(-1). Let i be w(x). Let u = i - 1. What is the highest common factor of 7 and u?
7
Let l be (-10 + (-12)/(-3))/((-6)/10). Calculate the highest common divisor of l and 170.
10
Let p be 1 + 0/((-8)/4). What is the highest common factor of 3 and p?
1
Let s be 3/(-6) - (-134)/4. Let w(x) = 11*x**3 - x + 1. Let y be w(1). Calculate the greatest common factor of y and s.
11
Suppose 20 = 2*g + g + x, -5*x + 2 = g. What is the greatest common factor of 63 and g?
7
Suppose 4*a - 46 = 2*i - 0*i, 2*a + 127 = -5*i. Let v be (-98)/(-5) + (-10)/i. Calculate the greatest common factor of 160 and v.
20
Suppose -4*o - 2*p + 44 = 0, -p = 4*o - 5*p - 56. Let n(h) = h**3 + 11*h**2 + 12*h + 20. Let q be n(-7). Calculate the greatest common factor of q and o.
12
Suppose 27*y - 19*y - 272 = 0. What is the highest common divisor of 153 and y?
17
Suppose 3*g + 37 = 4*g. Suppose 4*i - 68 = -4*l, 3*i - l = g + 18. Calculate the greatest common factor of i and 9.
9
Let v be (-2)/(-3) - (-4)/(-6). Let x be (-1 + v)/((-2)/(-440)). Let n = 407 + x. What is the highest common factor of 17 and n?
17
Let j be 2 + -2 + (-6)/(-3). Suppose 901 = 3*b - 4*s, 0*b + b + j*s = 297. Suppose -4*u + 65 = -b. What is the highest common factor of 13 and u?
13
Let i be 15/(-10)*(-2 + 0). Suppose 4*o - 37 = i*z, 0 = 3*o + 6*z - z - 6. Calculate the greatest common divisor of o and 63.
7
Let t be (-27)/6*(-20)/6. Calculate the greatest common divisor of 15 and t.
15
Let l(u) = 2*u + 9. Let q be l(0). Suppose 105 = a + 6. Calculate the highest common divisor of a and q.
9
Let v be (20/15)/((-1)/(-54)). Suppose -4*j + 3*j = -a + v, -2*j = 5*a - 346. Suppose -2*i = -5 - 15. What is the highest common factor of i and a?
10
Let b(s) = 2*s + 3. Let t be b(-3). Let m be (-28)/t + 6/9. Calculate the highest common factor of m and 90.
10
Let b(y) = y**3 + 9*y**2 + 2. Let h be b(-9). Suppose 5*i + 4*m - 1 = 0, -2*i = h*i + 2*m - 2. Calculate the highest common factor of 11 and i.
1
Let f = -4 - -8. Suppose 3*y + 2*n = 16, y + f*n = 3*y. Let s(q) = q + 3. Let j be s(y). What is the greatest common divisor of 77 and j?
7
Let f = 209 - 76. Suppose -5*q = 8 - f. Let z be (-68)/(-6) - (-4)/(-3). Calculate the greatest common factor of q and z.
5
Let c = 173 - 157. What is the highest common divisor of c and 80?
16
Let z = -43 + 49. What is the highest common factor of z and 12?
6
Suppose 341 = 7*c - 37. Calculate the highest common divisor of 54 and c.
54
Let w = -9 - -1. Let i = -5 - w. Calculate the highest common factor of i and 1.
1
Suppose 0 = 5*f - 2*f + 4*b - 78, 2*f = 5*b + 29. Suppose 4*p + f = -3*g, -5*g - p = -5*p - 6. Let h = 3 + g. Calculate the highest common factor of h and 8.
1
Let m = 154 - 115. Calculate the greatest common factor of m and 26.
13
Let l(h) = 3*h**2 + h - 6. Let z be l(-5). Let p = -5 + 6. Suppose p + 7 = f. What is the greatest common divisor of f and z?
8
Let t(z) be the first derivative of z**4/4 + 4*z**3/3 - 5*z**2/2 - 2*z - 5. Let h be t(-3). Calculate the highest common factor of 55 and h.
11
Suppose 0 - 6 = -2*r. Suppose 0 = 5*o - 0*o + r*u - 39, 5*o - 18 = 4*u. Suppose f = -2 + o. What is the greatest common factor of f and 1?
1
Let y be (-156)/(-13) + 1 + 2. What is the greatest common divisor of 45 and y?
15
Let l(o) = 11*o**3 - o**2 + 2*o. Let a be l(1). Calculate the greatest common factor of 4 and a.
4
Suppose 4*v - 138 = h, -2*v + 2*h + 62 = -10. What is the highest common factor of v and 17?
17
Let q = -24 - -25. What is the greatest common divisor of 1 and q?
1
Let z be (-1)/2 - 1/(-2). Suppose -p = -5*a + 51, z = -4*a + p - 2 + 43. Let i be 2/(-4) + (-62)/(-4). Calculate the highest common divisor of i and a.
5
Suppose 2*s = 1 - 25. Let n(w) = -w**3 - 5*w**2 + 4*w - 7. Let x be n(-5). Let y = s - x. What is the greatest common divisor of y and 10?
5
Let f be 1*9*(-6)/(-18). Let u be (-13)/((-4 - 0) + f). Suppose 29 = 2*n - 5*k - 85, 0 = 2*n + 3*k - 98. Calculate the greatest common divisor of u and n.
13
Let w(i) = i**2 - 18*i + 56. Let 